hen 10694 is divided by 5224?
246
What is the remainder when 332647 is divided by 16629?
67
Calculate the remainder when 47630 is divided by 1917.
1622
What is the remainder when 236899 is divided by 25?
24
What is the remainder when 22184 is divided by 2468?
2440
Calculate the remainder when 977970 is divided by 977964.
6
What is the remainder when 158997 is divided by 12208?
293
Calculate the remainder when 2102854 is divided by 9.
4
Calculate the remainder when 11894043 is divided by 198.
183
What is the remainder when 101694656 is divided by 413?
14
Calculate the remainder when 73311 is divided by 5223.
189
Calculate the remainder when 111614 is divided by 37156.
146
What is the remainder when 8096696 is divided by 188295?
11
Calculate the remainder when 73850 is divided by 73429.
421
Calculate the remainder when 240215 is divided by 21.
17
What is the remainder when 126980 is divided by 18139?
7
Calculate the remainder when 121140 is divided by 120911.
229
Calculate the remainder when 7164814 is divided by 12.
10
Calculate the remainder when 7593242 is divided by 3796615.
12
Calculate the remainder when 6854237 is divided by 247.
234
What is the remainder when 6147909 is divided by 1639?
20
What is the remainder when 173835 is divided by 1600?
1035
What is the remainder when 18659771 is divided by 75?
71
What is the remainder when 259290 is divided by 409?
393
Calculate the remainder when 41297614 is divided by 4.
2
Calculate the remainder when 10642707 is divided by 7.
5
What is the remainder when 374469 is divided by 189?
60
Calculate the remainder when 1441101 is divided by 70.
11
Calculate the remainder when 2091403 is divided by 321.
88
Calculate the remainder when 2447573 is divided by 425.
423
What is the remainder when 21658549 is divided by 1354?
1319
What is the remainder when 235194 is divided by 83?
55
What is the remainder when 870108 is divided by 34?
14
Calculate the remainder when 15549544 is divided by 54369.
10
Calculate the remainder when 17007 is divided by 1435.
1222
Calculate the remainder when 7278590 is divided by 7278589.
1
Calculate the remainder when 589658 is divided by 147109.
1222
Calculate the remainder when 154521725 is divided by 27.
23
What is the remainder when 10547 is divided by 106?
53
Calculate the remainder when 295417412 is divided by 49.
38
What is the remainder when 97588883 is divided by 97?
93
Calculate the remainder when 18086665 is divided by 1644241.
14
Calculate the remainder when 4741549 is divided by 948305.
24
What is the remainder when 332873 is divided by 33003?
2843
What is the remainder when 1358724 is divided by 7310?
6374
What is the remainder when 47365 is divided by 101?
97
What is the remainder when 98661905 is divided by 449?
441
What is the remainder when 28495 is divided by 2801?
485
Calculate the remainder when 1452578 is divided by 939.
884
Calculate the remainder when 1034618 is divided by 517287.
44
Calculate the remainder when 5763872 is divided by 411701.
58
Calculate the remainder when 91732 is divided by 11277.
1516
What is the remainder when 60771 is divided by 7624?
7403
What is the remainder when 145184996 is divided by 100?
96
What is the remainder when 1249970 is divided by 367?
335
Calculate the remainder when 648105 is divided by 2849.
1382
Calculate the remainder when 6773073 is divided by 14140.
13
Calculate the remainder when 428292 is divided by 21373.
832
What is the remainder when 4022906 is divided by 1521?
1382
Calculate the remainder when 1522793 is divided by 244.
233
Calculate the remainder when 3884451 is divided by 41.
29
What is the remainder when 62742203 is divided by 570?
23
What is the remainder when 1207119 is divided by 39?
30
Calculate the remainder when 1467547 is divided by 8582.
25
Calculate the remainder when 142322 is divided by 7854.
950
Calculate the remainder when 342924 is divided by 34284.
84
What is the remainder when 2786757 is divided by 10?
7
Calculate the remainder when 1848506 is divided by 659.
11
Calculate the remainder when 3645057 is divided by 343.
339
What is the remainder when 86677 is divided by 86573?
104
Calculate the remainder when 2835266 is divided by 575.
516
Calculate the remainder when 2312790 is divided by 845.
25
What is the remainder when 294607222 is divided by 24?
22
What is the remainder when 1901967 is divided by 111880?
7
What is the remainder when 6813435 is divided by 71?
62
Calculate the remainder when 3225553 is divided by 1052.
121
Calculate the remainder when 3301955 is divided by 1303.
153
What is the remainder when 782611 is divided by 3?
1
Calculate the remainder when 187878 is divided by 6155.
3228
Calculate the remainder when 183336 is divided by 30533.
138
What is the remainder when 1910350 is divided by 285?
280
What is the remainder when 116660562 is divided by 6207?
6204
What is the remainder when 51025187 is divided by 120?
107
What is the remainder when 116210 is divided by 1976?
1602
What is the remainder when 682755 is divided by 17954?
503
What is the remainder when 56039 is divided by 3929?
1033
What is the remainder when 93624 is divided by 13355?
139
What is the remainder when 1167201857 is divided by 337?
335
Calculate the remainder when 2129362 is divided by 1002.
112
What is the remainder when 627086718 is divided by 598?
596
What is the remainder when 3620590 is divided by 1044?
1042
Calculate the remainder when 9419 is divided by 1958.
1587
Calculate the remainder when 4621886 is divided by 28.
10
Calculate the remainder when 80218091 is divided by 5254.
19
Calculate the remainder when 2851967 is divided by 528.
239
What is the remainder when 1725054 is divided by 31?
28
What is the remainder when 18226485 is divided by 1288?
1285
Calculate the remainder when 2718388 is divided by 679595.
8
Calculate the remainder when 579437 is divided by 289629.
179
Calculate the remainder when 8114969 is divided by 344.
9
Calculate the remainder when 752227 is divided by 50128.
307
Calculate the remainder when 12582661 is divided by 8636.
9
Calculate the remainder when 1277505 is divided by 319159.
869
Calculate the remainder when 874630 is divided by 290.
280
Calculate the remainder when 7842685 is divided by 2614227.
4
Calculate the remainder when 3558031 is divided by 27.
25
Calculate the remainder when 312672497 is divided by 3987.
3983
Calculate the remainder when 106845579 is divided by 35615189.
12
Calculate the remainder when 2492528 is divided by 1323.
1319
What is the remainder when 14848406 is divided by 318?
32
Calculate the remainder when 1374408 is divided by 1778.
14
Calculate the remainder when 57468067 is divided by 51.
43
Calculate the remainder when 63082 is divided by 61208.
1874
What is the remainder when 7838760 is divided by 125?
10
What is the remainder when 7287223 is divided by 1443?
73
Calculate the remainder when 9086817 is divided by 269.
266
What is the remainder when 5723443 is divided by 252?
19
Calculate the remainder when 291838 is divided by 16719.
7615
What is the remainder when 3744584 is divided by 173?
172
Calculate the remainder when 1898119 is divided by 994.
573
What is the remainder when 31545898 is divided by 15772944?
10
Calculate the remainder when 87229 is divided by 27769.
3922
Calculate the remainder when 2147478 is divided by 129.
15
What is the remainder when 33096 is divided by 33090?
6
Calculate the remainder when 22077010 is divided by 4218.
4216
Calculate the remainder when 51483302 is divided by 751.
750
Calculate the remainder when 4357267 is divided by 4506.
4471
What is the remainder when 574771 is divided by 44?
43
Calculate the remainder when 7060094 is divided by 1435.
1329
Calculate the remainder when 3438673 is divided by 1091.
932
Calculate the remainder when 341488928 is divided by 1829.
1825
What is the remainder when 918277 is divided by 70632?
61
Calculate the remainder when 439040891 is divided by 1726.
1723
Calculate the remainder when 6784019 is divided by 306.
305
Calculate the remainder when 674433 is divided by 84.
81
Calculate the remainder when 108775 is divided by 1064.
247
What is the remainder when 465687 is divided by 395?
377
What is the remainder when 1039344 is divided by 171?
6
Calculate the remaind